m). Suppose 6*p - j*p - 21 = 0. What is the units digit of p?
7
Let k = -267 + 460. What is the hundreds digit of k?
1
Let o(z) = -40*z + 6. What is the units digit of o(-4)?
6
Let j(u) = -3*u + 4. What is the tens digit of j(-2)?
1
Let s(y) = 4*y**2 + 8*y - 5. What is the tens digit of s(5)?
3
Suppose 0 = -u - 0 - 12. Suppose 3*w + 6 = 0, -4*t - 3*w - 98 = 2*w. Let j = u - t. What is the units digit of j?
0
Let h(w) = -2*w - 1 - 2 + 0*w. Let s be h(-6). Let f = s - -9. What is the units digit of f?
8
Suppose 5*u + 0*p - 194 = 4*p, 4*u = -2*p + 150. What is the units digit of u?
8
What is the units digit of 1830/40 - (-1)/4?
6
Let n(t) = 6*t + 2. Let f(s) = 7*s + 3. Let w(q) = 4*f(q) - 5*n(q). What is the units digit of w(-3)?
8
Suppose -q + 2 = -2. Suppose -q*k + 136 = -u + 4*u, -104 = -4*k + 5*u. Suppose 5*h = 2*r + 38, r - k = -5*h + 10. What is the units digit of h?
8
Let j be 4/(3/(3/2)). Suppose 0 = -5*p + 4*y + 21, -3*y - 4 = -j*y. What is the units digit of p?
1
Suppose 4*u - 4 = -0*u. Let g(y) = -y**2 + y - 1. Let d(r) = -13*r**3 - r**2 + 3*r - 4. Let a(x) = -d(x) + 3*g(x). What is the units digit of a(u)?
2
Suppose -3*w = 42 + 30. Let y be (1 + 0)/((-2)/14). Let n = y - w. What is the units digit of n?
7
Let c(w) = w**3 - 7*w**2 + 10*w - 1. What is the units digit of c(7)?
9
Let x = 6 + -4. What is the units digit of x?
2
Let f(h) = h**2 - 2*h - 3. Let s be f(4). Suppose 0 = -i - 3*q + s, -3*q + 4*q = 0. Suppose -v - i*j + 3 = 0, 18 = 2*v - j + 1. What is the units digit of v?
8
Let t(n) = 2*n + 19. What is the units digit of t(0)?
9
Suppose -5*a + 3*a + 20 = 0. Suppose 0 = c + a - 36. What is the tens digit of c?
2
Suppose 5*q = -10, a + 2*q - 4*q = 6. What is the units digit of (9/a)/(3/8)?
2
Suppose f + w - 123 = 0, 3*f - 3*w - 271 - 128 = 0. What is the hundreds digit of f?
1
Suppose -22*v = -19*v - 612. What is the units digit of v?
4
Suppose 2*r - 3*f - 1043 = -3*r, 4*r - 832 = 3*f. What is the units digit of r?
1
Let v be (1/(-3))/(1/(-6)). Suppose -f = -v - 2. Suppose 5*c + 8 = f*q, q + 2*q - 6 = 4*c. What is the units digit of q?
2
Let u = 66 - 18. Let g = -13 + u. What is the tens digit of g?
3
Let s be (3 + 3)/(3/2). Suppose s*o + f + 14 = 115, o - 34 = -2*f. What is the tens digit of o?
2
Suppose -4*z - g + 1228 = 0, -4*g = -8*g - 16. What is the hundreds digit of z?
3
What is the tens digit of -9 + 11 - (-17 + -1)?
2
Suppose -336 = 3*w - 990. What is the units digit of w?
8
Suppose -4*j + 9*j - 2*z - 163 = 0, 4*j = -5*z + 104. What is the tens digit of j?
3
Suppose 0 = -a + 5*a. Suppose a = 7*d - 3*d. Suppose 3*b - 4*b + 15 = d. What is the tens digit of b?
1
Let x(q) = q**2 - 16*q + 9. What is the units digit of x(16)?
9
Let w = -5 - -16. Let h = w - 10. Let c = h + 2. What is the units digit of c?
3
What is the tens digit of -9*5/(-3) + -4?
1
Let l(w) = 20*w + 38. What is the tens digit of l(10)?
3
Suppose -2*x + 48 = 2*x. What is the units digit of x?
2
Suppose z = -5*p - 0 - 6, -3*p = 4*z - 10. Suppose -z*l + d - 50 = 0, -5*l - 3*d - 50 = 2*d. What is the units digit of (-63)/l + (-1)/4?
5
Let w(r) be the third derivative of -r**5/60 + r**4/12 + 11*r**3/3 + 2*r**2. What is the tens digit of w(0)?
2
Suppose 0*z = 2*z - 72. What is the tens digit of z?
3
Let q be 0/6 + 1*-8. What is the units digit of (-40)/q*36/10?
8
Let t = -8 - -13. Suppose t*f - 50 = -2*v, -4*f + 6*v + 17 = 3*v. Suppose -3*j + 3*s = 2 - 14, -j = 3*s + f. What is the units digit of j?
1
Suppose -2*z + 447 = z. Suppose 0 = 5*u + 4*v - z, -4*u + 7*v - 2*v + 152 = 0. Suppose 2 = 5*j - u. What is the units digit of j?
7
Let o = 5 + 0. Suppose o*q - 59 = d, 3*d = -2*q + d + 26. What is the units digit of q?
2
Suppose 0 = -3*x + 5*w - 27, w - 1 = x + 2*w. Let j be (x/10)/(2/10). What is the units digit of (6*j)/(0 - 1)?
2
Let y(r) = 15*r**2 - 9*r - 8. What is the units digit of y(-4)?
8
Suppose -3*u = -n + u + 30, 0 = 5*n - 2*u - 168. What is the tens digit of n?
3
Suppose 9*m = m + 392. What is the units digit of m?
9
What is the units digit of 0/(-16) + -2 + 97 + 0?
5
Suppose 3*t = -4 + 19. What is the units digit of (-2)/(-5)*t/1?
2
Let u(l) = -l**2 + 9*l - 10. Let g be u(7). Let i be g*2/20*5. Suppose -i*r = r - 3. What is the units digit of r?
1
Suppose -2*z - 3*z = -3*l + 767, 0 = -5*l + 2*z + 1253. What is the hundreds digit of l?
2
Let l(r) = -r - 1. Let x be l(-1). Suppose x = u - 6 - 2. What is the units digit of u?
8
Suppose 4*g = -8, 6*q = 2*q + 5*g + 234. What is the units digit of q?
6
Suppose -20 - 70 = -u. What is the tens digit of u?
9
Let s = -12 - -18. Suppose -s*n = -n - 5. What is the units digit of n?
1
Suppose l + 38 = s, 3*s + 2*l = -s + 170. What is the units digit of s?
1
Let v(r) = -r**3 - 6*r**2 - 6*r - 4. Let t be v(-5). What is the units digit of -1 + (11 - (t + 2))?
7
Suppose -k + 3*a = 2*a + 2, -8 = 2*k - 3*a. Suppose 5*z = 2*n - 36, k*z = -n - 2*n + 35. What is the tens digit of n?
1
Let s(o) = -o**3 - 4*o**2 - 2*o - 6. Let f be s(-4). Suppose 24 = -0*n + f*n. What is the units digit of n?
2
Suppose 6 = 4*n - 3*n. What is the tens digit of (63/28)/(n/80)?
3
Let z(m) = 0*m**2 + 3*m + 5*m**3 - 4*m**3 - 2*m**2 - 2. Let i be z(2). Suppose 21 = i*t + 5. What is the units digit of t?
4
Suppose -10*b + 6 = -8*b. Suppose -6 = -b*v - 0*v. Suppose -v*d + 5*d = 45. What is the tens digit of d?
1
Suppose -2*m = 2*s, 4*m + 3 + 0 = -3*s. Suppose 0 = 8*u - 6*u - 4. What is the units digit of -3*u/s - -7?
5
Suppose 5*k - 23 = 2*n, k = 2*k - n - 4. Suppose -1 + 6 = -k*p. Let v = p + 3. What is the units digit of v?
2
Suppose 7*c - 150 = 5*z + 2*c, -2*c = 0. What is the tens digit of (56/21)/((-4)/z)?
2
Suppose 49 = 2*t - 81. Suppose -5*i - 4*d + t = 0, 0*i = 2*i + d - 23. What is the units digit of i?
9
Suppose 3*h = -2*i + 7, -i + 0*i + 21 = 5*h. Suppose 39 = l + a, h*a - 109 = -3*l - 0*a. What is the units digit of l?
3
Let o(n) = -2*n - 4. Let c be o(-3). Let v = 8 - c. What is the units digit of v?
6
Let x(k) = -k**3 - 4*k**2 - 5*k - 2. Let f be x(-3). What is the tens digit of 380/8 - f/(-8)?
4
Let s be ((-8)/(-5))/(4/20). Suppose -3*d - s = -r + 2*d, 0 = -4*r - 2*d + 10. What is the units digit of r?
3
Let z = -20 + 33. What is the units digit of z?
3
Suppose 12 - 460 = -2*z. What is the tens digit of z?
2
Let w = 28 - -28. What is the units digit of w?
6
Let w = 24 + 32. What is the units digit of w?
6
Let t(f) = 5*f**3 + f**2 - 2*f - 1. What is the tens digit of t(2)?
3
Suppose -54 = 2*x - 2*m - 252, -x + 5*m + 95 = 0. What is the hundreds digit of x?
1
Suppose 3*l = -5*a - 19, -2*a - 3*a = l + 23. Suppose 2*i - v + 218 = 3*i, l*v + 452 = 2*i. What is the tens digit of (-1)/3 + i/18?
1
Let b be ((-55)/2)/(-5)*-2. Let s = b + 20. What is the units digit of 2/s + 106/9?
2
Let g(j) = j**3 + 5*j**2 + 2*j - 4. Let p be g(-3). Let b = 5 + p. What is the units digit of b?
3
Let v be (-4)/((-16)/(-3))*-4. Let a = 161 - 110. Suppose -2*b = 2*s + v*s - a, -2*b - s + 31 = 0. What is the units digit of b?
3
Let b be (2 + 2)/(-2) + -1. Let a be (-1)/(6/8)*b. Let y = a - 0. What is the units digit of y?
4
What is the tens digit of (26 - 0)*(-3)/(-6)?
1
Suppose -g = -189 + 52. What is the tens digit of g?
3
Let f(g) = 2*g**2 - g - 1. Suppose u = -2*u + 6. Let v be f(u). Suppose 3*q - 15 = -3*x, x + 10 - 3 = v*q. What is the units digit of x?
3
Let o = 1 + 9. Let r = o + -7. Suppose -4 = -z + 4*i + 10, -r*i - 7 = z. What is the units digit of z?
2
What is the units digit of (-8)/5*715/(-26)?
4
Let r(z) = 6*z + 13. What is the tens digit of r(6)?
4
Let q = -3 + 3. Suppose 0 = 2*u - q*u + 4*b - 68, -98 = -3*u - 4*b. Suppose 5*t + u = 85. What is the units digit of t?
1
Let j be 2/(-4) - (-20)/8. Suppose 4*b + 20 = -2*s, 12 = -3*s + b + j*b. Let l = s - -11. What is the units digit of l?
5
What is the units digit of (-4)/(-4)*1*33?
3
Let x = -5 + 6. Let n = 13 - x. What is the units digit of n?
2
Let k(g) = -2*g + 18. Let b be k(9). Suppose -7*o + b + 7 = 0. What is the units digit of o?
1
Let w = -58 - -70. What is the units digit of w?
2
Let y = 29 - 20. What is the units digit of y/(-12) - 70/(-8)?
8
Let z = 21 + -11. Suppose 4 = 3*u + z. What is the units digit of u/(-3)*(-27)/(-1)?
8
Suppose -5*p + 0*p = -295. Suppose -j - 3 = -5*n, 0*n = 2